 c(f) = 110198*f - 11130005. Calculate c(101).
-7
Let s(c) = -7181*c + 43108. Give s(6).
22
Let p(o) = -o**2 - 2273*o - 9059. Give p(-4).
17
Let a(l) = -90684*l + 1722874. Determine a(19).
-122
Let w(a) = -5*a**3 - 2586*a**2 - 527*a - 4381. What is w(-517)?
789
Let v(s) = -2037*s - 937050. Determine v(-460).
-30
Let m(j) = j**3 + 120*j**2 - 313*j - 8523. Determine m(-122).
-105
Let g(j) = -4808*j + 1312548. What is g(273)?
-36
Let k(n) = n**2 + 2500*n - 174724. Give k(68).
-100
Let y(c) = -3216*c + 363416. Give y(113).
8
Let f(v) = 666*v**3 + 5*v**2 - 3*v - 6. Give f(-1).
-664
Let l(z) = 1838*z - 7699. Give l(5).
1491
Let k(c) = -c**3 - 123*c**2 + 4594*c - 113. What is k(30)?
7
Let n(s) = -2*s**3 + 166*s**2 - 1190*s - 18. Calculate n(8).
62
Let n(t) = t**3 - 83*t**2 + 541*t - 52441. Give n(84).
59
Let k(r) = 2*r**2 + 62*r - 1607. Determine k(23).
877
Let u(p) = 5*p**2 + 240*p - 182. Determine u(-50).
318
Let k(h) = -2*h**3 - 242*h**2 + 135*h - 13239. Determine k(-122).
59
Let c(o) = -o**2 - 90*o + 7733. What is c(-140)?
733
Let f(x) = 127483*x - 765021. What is f(6)?
-123
Let a(c) = 21717*c + 47799114. Calculate a(-2201).
-3
Let m(a) = a**3 - 10*a**2 + 24*a + 51. Determine m(7).
72
Let q(c) = 31895*c + 191421. What is q(-6)?
51
Let f(u) = -197450*u + 9675050. Calculate f(49).
0
Let d(k) = 3600*k + 10929. Calculate d(-3).
129
Let r(n) = 336*n - 45937. Give r(137).
95
Let r(g) = -619*g + 121199. Calculate r(189).
4208
Let i(y) = 2*y**3 + 435*y**2 - 221*y - 395. Determine i(-218).
259
Let b(r) = 4864*r**2 + 466935*r - 862. What is b(-96)?
2
Let f(k) = k**3 + 755*k**2 + 1517*k + 8266. Calculate f(-753).
-17
Let n(f) = f**3 - 56*f**2 + 133*f - 488. Calculate n(53).
-1866
Let n(v) = -11*v + 180. Determine n(109).
-1019
Let a(o) = 5*o**2 - 8*o - 10166. Give a(46).
46
Let s(g) = -4*g**2 - 2839*g - 445052. Determine s(-476).
8
Let b(i) = -598*i + 3018. Determine b(6).
-570
Let x(l) = -3*l**2 + 107*l - 284. Give x(37).
-432
Let l(x) = 2334*x + 807567. Calculate l(-346).
3
Let h(t) = -12*t**3 - 217*t**2 - 959*t - 11. Determine h(-8).
-83
Let n(f) = -14811*f + 74060. What is n(5)?
5
Let y(f) = f**2 - 198*f - 1490. Give y(-7).
-55
Let i(d) = 2*d**3 + 1412*d**2 - 78827*d + 3800. Determine i(-758).
10
Let u(z) = z**3 - 619*z**2 + 14855*z - 2691. Determine u(594).
279
Let i(w) = w**3 - 747*w**2 + 260*w - 194236. Give i(747).
-16
Let m(q) = q**3 - 403*q**2 - 13160*q + 9127. What is m(-31)?
13
Let x(m) = -68609*m + 205821. Give x(3).
-6
Let n(a) = -445940*a + 891897. Determine n(2).
17
Let l(i) = 4555*i + 359928. What is l(-79)?
83
Let a(u) = -u**3 - 25*u**2 + 34*u - 16. What is a(6)?
-928
Let y(r) = 73*r - 3963. Determine y(65).
782
Let k(y) = -6*y**2 + 215*y - 570. Give k(-6).
-2076
Let t(g) = g**3 + 338*g**2 + 585*g - 29215. Give t(-336).
17
Let q(w) = 2*w**3 + 5*w**2 - 49*w - 96. Give q(-7).
-194
Let a(s) = 32*s**2 - 6234*s - 13800. Calculate a(197).
-10
Let k(h) = 941*h + 20047. Determine k(-20).
1227
Let n(w) = 200799*w + 11445554. Give n(-57).
11
Let r(o) = -5*o**3 - 330*o**2 - 285*o + 2544. Calculate r(-65).
-56
Let p(o) = 2*o**2 + 3773*o - 142343. Give p(37).
-4
Let i(v) = 287*v**2 - 3*v - 45. What is i(-3)?
2547
Let f(w) = -533*w - 3920. Determine f(-13).
3009
Let l(r) = 2*r**3 + 59*r**2 + 36914*r + 1147208. Give l(-31).
-9
Let w(c) = -125*c**2 - 1092*c + 61. What is w(-9)?
-236
Let l(w) = 39668*w + 39670. Determine l(-1).
2
Let a(o) = -135179*o + 4190553. Calculate a(31).
4
Let j(t) = 3547*t - 13653. What is j(4)?
535
Let p(z) = -5*z**2 - 439*z + 1925. Calculate p(-92).
-7
Let v(u) = 36*u**2 + 341*u + 4. Determine v(-3).
-695
Let l(p) = -p**3 + p**2 - 74*p - 7449. What is l(-18)?
39
Let d(h) = 2*h**2 - 236*h - 27981. Give d(191).
-95
Let h(q) = 1674*q - 112160. Calculate h(67).
-2
Let j(o) = o**3 + 13*o**2 - 59*o - 98. Determine j(-16).
78
Let z(d) = -331*d + 3475. Give z(12).
-497
Let m(w) = 799*w - 9408. Give m(11).
-619
Let l(j) = -1297*j - 7659. Calculate l(-6).
123
Let w(n) = n**3 + 430*n**2 + 6226*n + 409. Determine w(-415).
-6
Let k(m) = -m**3 + 23*m**2 - 283*m + 822. Determine k(4).
-6
Let f(t) = 2760*t - 129457. Calculate f(47).
263
Let g(n) = -68*n**3 + 1497*n**2 - 19*n - 66. Determine g(22).
0
Let s(d) = -3*d**2 + 9440*d + 953930. Calculate s(-98).
-2
Let w(u) = -u**3 - 61*u**2 + 66*u - 189. Calculate w(-62).
-437
Let i(w) = 2*w**2 - 676*w - 1505760. Determine i(1053).
30
Let c(x) = 5*x**2 + 49*x - 18. What is c(-10)?
-8
Let q(n) = -5*n**2 + 13992*n - 9. What is q(0)?
-9
Let h(r) = 72527*r + 7397782. Determine h(-102).
28
Let g(j) = 4341*j - 833538. Give g(192).
-66
Let i(x) = -x**2 - 201*x + 1576. What is i(8)?
-96
Let y(s) = 61477*s + 10082228. What is y(-164)?
0
Let o(h) = -74*h**2 + 812*h + 17. What is o(13)?
-1933
Let g(a) = -a**3 + 41*a**2 - 360*a + 12813. Give g(40).
13
Let d(i) = i**2 + 294*i + 1180. Calculate d(-4).
20
Let v(d) = 784*d - 43889. What is v(56)?
15
Let h(r) = -r**2 + 19*r - 618. What is h(23)?
-710
Let s(l) = -7*l**3 + 9*l**2 - 16*l - 12. Determine s(3).
-168
Let t(f) = -860*f - 1168. Give t(-4).
2272
Let h(q) = -q**3 + 51*q**2 - 659*q + 246. Give h(27).
-51
Let h(b) = 384*b - 1297. What is h(6)?
1007
Let q(z) = 58042*z + 812669. Determine q(-14).
81
Let w(d) = 6*d**2 + 1137*d - 4062. Determine w(-193).
-9
Let c(v) = -15026*v + 15003. What is c(1)?
-23
Let i(j) = -j**3 - 26*j**2 - 191*j - 3882. Calculate i(-25).
268
Let t(g) = -661*g**2 + 1954*g + 84. Calculate t(3).
-3
Let d(p) = -24534*p + 49079. Give d(2).
11
Let y(j) = 17882*j - 929869. Determine y(52).
-5
Let a(j) = 178*j - 13087. Give a(72).
-271
Let h(m) = -m**2 - 163844*m + 5899679. What is h(36)?
-1
Let o(a) = -22*a**3 - 6081*a**2 + 3588*a - 3595. Determine o(-277).
6
Let f(u) = u**2 + 813*u - 76320. Give f(85).
10
Let q(a) = 11*a**3 + 2090*a**2 - 4*a - 1163. Calculate q(-190).
-403
Let p(x) = 2*x**2 - 43*x + 261. Give p(7).
58
Let w(x) = -x**3 - 289*x**2 - 6612*x - 3159. What is w(-264)?
9
Let m(o) = 350*o - 84606. Determine m(244).
794
Let d(i) = -10*i**3 + 1558*i**2 - 1244*i + 613. Give d(155).
-7
Let r(g) = -10*g**2 - 300*g + 6365. Give r(-43).
775
Let v(h) = -1606*h**2 - 12894*h. Calculate v(-8).
368
Let s(r) = -1299*r + 37206. Determine s(29).
-465
Let t(i) = -i**2 + 229391*i - 6192831. Determine t(27).
-3
Let w(t) = 7323*t - 117019. Give w(16).
149
Let k(r) = 128915*r - 128899. What is k(1)?
16
Let m(b) = -2565*b - 22949. Determine m(-9).
136
Let p(h) = h**2 - 10919*h - 32767. What is p(-3)?
-1
Let i(d) = -118233*d + 472932. Determine i(4).
0
Let g(k) = 4489*k - 241722. What is g(54)?
684
Let c(a) = -151*a**2 + 44092*a + 12. Calculate c(292).
12
Let f(c) = -2*c**3 + 79*c**2 + 59*c + 306. Calculate f(41).
-2318
Let z(f) = -87*f**3 + 4*f**2 + 48*f + 85. What is z(-2)?
701
Let t(y) = y**3 - 132*y**2 + 413*y - 91493. Determine t(134).
-239
Let v(j) = 102*j**2 - 2642*j + 10681. Determine v(5).
21
Let i(f) = -f**2 - 1078*f - 51370. Give i(-50).
30
Let c(p) = -196351*p + 1963505. What is c(10)?
-5
Let y(n) = -670*n - 146130. Determine y(-218).
-70
Let k(z) = -z**3 - 41*z**2 - 163*z - 35. Calculate k(-35).
-1680
Let n(q) = -2*q**3 + 65*q**2 + 2475*q + 1689. What is n(-22)?
-5
Let i(h) = -3*h**2 - 398*h - 2683. What is i(-7)?
-44
Let g(d) = 2*d**3 + 131*d**2 + 416*d + 22802. Calculate g(-65).
-13
Let l(c) = 22*c + 951. What is l(-36)?
159
Let y(k) = -7*k**3 + 8*k**2 + 53*k - 61. Give y(-4).
303
Let t(k) = 807936*k + 9695235. Calculate t(-12).
3
Let d(k) = -k**2 - 345*k + 64243. What is d(134)?
57
Let k(y) = 2*y**2 + 4579*y + 13761. Determine k(-3).
42
Let b(u) = 21657*u - 324845. What is b(15)?
10
Let k(t) = t**2 - 452*t + 15801. Give k(38).
69
Let l(h) = h**3 - 24*h**2 + 46*h - 1864. Give l(25).
-89
Let l(v) = 1200*v + 371992. Calculate l(-310).
-8
Let d(g) = -g**3 + 139*g**2 - 923*g + 333. What is d(132)?
465
Let o(r) = -3*r**3 - 95*r**2 + 25*r - 242. Calculate o(-32).
-18
Let z(f) = -2954*f - 2516813. Determine z(-852).
-5
Let v(u) = -14*u**2 + 450*u + 85. Calculate v(32).
149
Let s(t) = -43*t**2 + 802*t - 5654. Give s(7).
-2147
Let o(j) = -11*j**2 - 1002*j + 12919. Determine o(13).
-1966
Let y(z) = -z**2 - 211*z + 3691. Calculate y(-228).
-185
Let y(j) = -j**3 + 521*j**2 - 19488*j - 92192. Determine y(480).
-32
Let l(f) = 3*f**3 - 1356*f**2 - 49*f + 2